= h**3 - 1. Determine u(y).
-1
Let n(y) be the third derivative of -y**8/6720 + y**6/720 + 7*y**5/60 - 7*y**4/12 - 8*y**2. Let z(i) be the second derivative of n(i). Give z(0).
14
Let j(b) = -8*b**2 + 25*b + 25. Let s(d) = 5*d**2 - 13*d - 13. Let f(o) = -3*j(o) - 5*s(o). Give f(-9).
-1
Let u be 86/215*10/8. Let a(b) be the second derivative of 0*b**3 + 1/20*b**5 + b - u*b**2 - 7/12*b**4 + 0. Determine a(7).
-1
Let z(g) = -g**3 + 4*g**2 + 7*g - 4. Let l = 0 + -8. Let d be (20/l - -2)*-10. Determine z(d).
6
Suppose 5*l = 3*a + 17, -a = 5*l - 6 - 15. Let j(z) = z**3 + 6*z**2 + 4. Let g be j(-6). Let y = g + a. Let i(k) = -k**2 + 5*k + 1. Calculate i(y).
1
Let g(b) = 6*b**2 - 6*b + 6. Let c(f) = f**2 + 1. Let j(v) = 5*c(v) - g(v). Give j(7).
-8
Let z(j) = -7*j**2 - 2*j + 13. Let x(g) = 5*g**2 + g - 14. Let u(n) = -3*x(n) - 2*z(n). What is u(5)?
-4
Suppose 3 = -c - 0. Suppose 6*h - h - 15 = 0. Let j(n) = h*n + n - 6*n. What is j(c)?
6
Suppose 12 = 4*h - 3*h. Suppose 12 = h*f - 15*f. Let v(j) = -j - 1. Determine v(f).
3
Let x(r) be the second derivative of -r**5/20 + r**4/3 + r**3/6 - 18*r + 3. Determine x(5).
-20
Let j(a) = -6*a**2 - 12*a - 15. Let z(o) = 5*o**2 + 14*o + 14. Let p(b) = -3*j(b) - 4*z(b). Calculate p(-9).
7
Let p(k) = 5*k**2 + 13*k + 12. Let z(x) = -x**2 - 2*x - 2. Let b(o) = -2*p(o) - 11*z(o). What is b(8)?
30
Suppose -10*r + 10 = -5*r. Let t(s) = -185*s - 187*s - 189*s + 2*s**2 + 558*s + 1. What is t(r)?
3
Let o(c) = -5 - 18*c**3 + c + 39*c**3 - 22*c**3 + 3 + 2*c**2. Calculate o(-2).
12
Let z = 354 + -363. Let x(i) = i + 5. Give x(z).
-4
Let k(f) = -146*f**2 + 0*f + f + 139*f**2. Calculate k(1).
-6
Suppose 5*h - 15 = -3*z, h + 8*z - 9*z = 3. Let a(u) = -u**3 + 4*u**2 - 4*u + 4. Calculate a(h).
1
Suppose 25*v - 30 = 20*v. Suppose 5*n - 3 = 7. Let t(a) = 0*a**n + 4 - a**3 + 7*a**2 - a**2. Calculate t(v).
4
Let z(i) = 0*i**3 - i + i**2 + i**3 - 2076 + 2077 + 0*i. Determine z(-2).
-1
Let f(n) be the first derivative of -9*n**2/2 + 45*n - 53. Determine f(4).
9
Let p(t) = t + 1. Suppose 0 = 2*f + 3*f - 50. Suppose 3 = -m + f. Suppose 5*l + 3*y + m = l, -4*l + 2*y - 22 = 0. Give p(l).
-3
Let g(h) = h**2 + 7*h - 1. Let p = 228 - 235. Give g(p).
-1
Let w(q) = 3*q - 6. Let o be (-59 - 1)*10/(-25). Suppose -o - 8 = -2*d. Let h = d - 12. Determine w(h).
6
Let l(y) be the second derivative of y**5/20 - y**4/4 - y**3/3 + 3*y**2 + 305*y. What is l(3)?
0
Suppose 0 = -6*t + 2*t - 2*g + 2, 4*g - 4 = -2*t. Suppose h - 9 = -t*h - 3*p, 3*p = h + 3. Let c(j) = 8*j + 3*j**h - 4*j**3 + 6 - 16*j + 7*j**2. Calculate c(6).
-6
Let f(r) = 33*r**2 + 28*r**2 + 31 - 62*r**2 - 11*r. Give f(-13).
5
Let p(d) be the second derivative of d**3/6 - 2*d**2 + d + 116. Suppose 5*a - 26 = 4*g - 7, -5*a = -g - 31. What is p(a)?
3
Let n(h) be the second derivative of -11*h**3/6 + 2*h**2 + 156*h. Calculate n(4).
-40
Let w(j) = 3*j**2 - 18*j - 14. Let x(h) = h**2 - 6*h - 5. Let g(a) = -6*w(a) + 17*x(a). Suppose 9*i - 36 = 7*i. Let s = 23 - i. Give g(s).
4
Suppose 24 = 3*r + r. Let o(n) = 7 - 195*n + 92*n + 102*n. Let t be o(r). Let b(i) = 5*i**2 + i. Give b(t).
6
Let f(s) = -s**3 + 5*s**2 - 3*s + 7. Let v be (15/6)/((-4)/(-8)). Let o be v/((12/3)/4). Determine f(o).
-8
Let u(w) = -9 - 2*w + w + 16. Let k be u(4). Let c(x) be the first derivative of -3*x**2/2 + 2*x - 11. Determine c(k).
-7
Let v be 2*(-1)/(-10) + (-696)/(-120). Let j(y) = -2*y**2 + 8*y + 2. Calculate j(v).
-22
Let f(g) = 2*g + 40. Let t be f(-17). Let a(v) = 3*v + 1 - 4*v - t - 4. Calculate a(-6).
-3
Let n = -25 - 4. Let m = 17 + n. Let r be (-4)/(-2 + (-32)/m). Let i(g) = -g - 7. Calculate i(r).
-1
Let f = -67 + 68. Let k(j) = -j**2 - j + 1. Let p(s) = 3*s**2 - 3*s + 5. Let r(g) = f*p(g) + 4*k(g). Determine r(-7).
9
Suppose -3*y + 86*k = 87*k - 18, -3*k + 29 = 4*y. Let a(s) be the first derivative of -y*s + 1/2*s**2 - 3. Give a(6).
1
Let n(j) = 2*j - 5. Let i(q) = q - 2. Suppose 2 = 6*h + 8. Let o = 4 + h. Let r(z) = o*n(z) - 5*i(z). What is r(5)?
0
Let v be ((-2)/(-12))/(12/(-108))*2. Let o(t) = t + 4. Calculate o(v).
1
Suppose 5*d - 3*d + 5*s = 1, -4*s = 4*d - 20. Let k(m) be the third derivative of -1/24*m**4 + 0*m + 0 + 12*m**2 + 1/2*m**3. Calculate k(d).
-5
Let w(j) = 20 - j**2 + 21 - 69 + 26 + 6*j. What is w(5)?
3
Let r(i) be the first derivative of i**3/3 + 17*i**2/2 + 15*i - 141. What is r(-14)?
-27
Let o(t) = -t**2 + 7*t - 2. Let j be o(6). Let l(d) = 0*d + 8*d - j*d - d**3 + 0*d + 5 + 5*d**2. Calculate l(6).
-7
Let l(c) be the first derivative of 13 + 1/2*c**2 + 8*c. Give l(-7).
1
Let n(t) be the third derivative of 3*t**4/8 - 5*t**3/6 + 2*t**2. Let l(c) = -8*c + 4. Suppose -15*v - 51 = 9. Let d(m) = v*n(m) - 5*l(m). What is d(2)?
8
Let g(k) = 3*k - 6. Let j(i) = -i - 1. Let n(v) = -g(v) + 5*j(v). Let x be n(-2). Suppose x = 6*u + 47. Let l(s) = s**3 + 6*s**2 + 4*s + 6. Give l(u).
11
Let f(b) = -4*b**2 + 4*b - 7*b**3 + b + 4*b**2 + 8*b**3 - 7*b**2 + 10. Give f(6).
4
Let s(h) = -h + 12. Suppose -6*l + 12 = -6. Suppose -l*u + 4*u = -3*u. Give s(u).
12
Let x(k) be the third derivative of -k**5/60 + k**4/24 - 31*k**3/6 - 1081*k**2. Determine x(0).
-31
Let h(o) = o**2 - 3*o + 1. Let b be h(3). Let w be (-4)/8*2*-2. Let u(y) = -2*y + y**2 + 0 + 1 - w*y**3 - 3*y**3 + 0*y. What is u(b)?
-5
Let z(q) = q**3. Let n = -1 + 2. Let j(t) be the second derivative of t**5/20 - 5*t**4/12 - t**3/3 - 3*t**2 + 55*t. Let a(i) = n*j(i) - 2*z(i). What is a(-4)?
-14
Let l(w) = -5*w + 3. Let x(u) = 2*u - 5. Let k be x(5). Suppose -29 = -2*z - 4*a - k, 0 = -3*z + a + 8. Suppose 3*r + 2*r = z*d + 30, r + 2*d = -8. Give l(r).
-7
Let x(y) = -3*y - 39 - 64 - 48 + 2*y + 141. What is x(-8)?
-2
Let l(n) = 2*n - 6. Let r be (-5)/(3/(2 + -5)). Determine l(r).
4
Suppose -310 = -5*c + 2*x + x, 4*x = 4*c - 256. Let q(u) = -122 + u**3 + 61 - u + 2*u**2 + c. Let i = 2 + -4. Calculate q(i).
0
Let b(a) = -6*a**3 - 6*a**2 + 4*a - 3. Let f(n) = -7*n**3 - 7*n**2 + 5*n - 3. Let v(u) = 6*b(u) - 5*f(u). Let t(g) = g - 13. Let w be t(13). Calculate v(w).
-3
Let q(n) be the first derivative of -1/4*n**4 - 27 - 2*n**3 + 6*n - 3/2*n**2. Give q(-5).
-4
Let w(d) = -d**2 - 12*d + 9. Let v be w(-13). Let l(x) = x**2 + 5*x + 10. Give l(v).
6
Suppose -2*j - 4*w = -16, 19*w - 22*w + 23 = -4*j. Let m(i) = -5*i**2 - i. Calculate m(j).
-18
Suppose 2*o = -3*d - 8, 3*o + 3*d = -1 - 5. Let l be 3/(((-1)/4)/(o/(-6))). Let i(x) be the first derivative of x**4/4 - x**3 - 2*x**2 + x - 3. Determine i(l).
1
Let v(d) = -7 + 8*d + 3 + 0*d + 7. Let y(p) = -p**2 + 8*p - 14. Let r be y(6). Give v(r).
-13
Let y(b) = -b**3 - 8*b**2 + 7*b - 29. Let c(k) = -2*k**2 + k - 5. Let f(d) = 6*c(d) - y(d). Suppose -4*p = p - 20. What is f(p)?
-5
Let m(s) = 11*s**3 + s**2. Let l be 2 + -5 + (10 - 2). Let f(g) = -g**2 + g**2 + g**2 - 7*g + l*g. Let z be f(1). Determine m(z).
-10
Let f(w) = w + 0*w + 0*w + 3. Let d = -1951 - -1947. What is f(d)?
-1
Let x(w) = -2*w**2 + 3*w + 11. Suppose 0 = -29*k - 29*k. What is x(k)?
11
Let i(q) be the second derivative of -q**4/3 - q**2/2 + 4*q. Suppose -419*k + 411*k - 16 = 0. Determine i(k).
-17
Let x = 153 - 149. Suppose 0*z + 19 = 3*z - 4*a, 4*z = -x*a + 16. Let m(s) = s**3 - 5*s**2 - s + 6. Calculate m(z).
1
Let s(m) be the first derivative of 2*m**2 - 1/3*m**3 - 18 - 3*m. Calculate s(3).
0
Let v(x) be the second derivative of -x**3/6 - 6*x**2 - 131*x. Give v(-12).
0
Let h = -114 + 113. Let l(j) be the second derivative of 3*j**5/40 + j**4/24 + j**3/2 + 3*j. Let t(v) be the second derivative of l(v). Give t(h).
-8
Suppose -2*c = 2 - 8. Let m = c - 7. Let x(b) = -b - 4. Let u be x(m). Let a(i) = -i**3 + i**2 - 6. What is a(u)?
-6
Let y(f) = -3*f + 2. Let o be y(-1). Let v = 0 + o. Let g(m) = 6*m - 1. Let a(q) = -5*q + 2. Let u(r) = -5*a(r) - 4*g(r). What is u(v)?
-1
Let y be 3/((-1)/4 + 1). Let h(v) = -2*v**3 - 4*v**2 - v + 2. Let j be h(-2). Let r(t) = 3 - j + 5 - t. What is r(y)?
0
Let d(n) = n**3 - 12*n**2 + 13*n - 18. Let q be d(11). Let i(j) = -20*j - 17. Let t(c) = 7*c + 6. Let y(b) = -3*i(b) - 8*t(b). What is y(q)?
19
Let c be ((-1)/(-5)*2)/((-15)/75). Let x be -5*(-3)/1*c/6. Let i(k) be the first derivative of k**4/4 + 5*k**3/3 - k**2/2 + 2*k - 1. Calculate i(x).
7
Let c(i) = i + 10. Let b be c(-7). Let v(a) = 9 - a**b - a**2 - 2*a**3 - 7 